{"id":887,"date":"2017-08-22T18:16:48","date_gmt":"2017-08-22T18:16:48","guid":{"rendered":"https:\/\/demos.wolfthemes.com\/andre\/?page_id=887"},"modified":"2020-05-06T13:11:05","modified_gmt":"2020-05-06T11:11:05","slug":"clothing-shop","status":"publish","type":"page","link":"https:\/\/natureismyhomeland.asp.krakow.pl\/","title":{"rendered":"Nature is my homeland"},"content":{"rendered":"<div class=\"wpb-content-wrapper\"><p>[vc_row equal_height=&#8221;&#8221; font_color=&#8221;light&#8221; shift_y=&#8221;0&#8243; z_index=&#8221;0&#8243; row_name=&#8221;Intro&#8221;][vc_column][wvc_advanced_slider slider_height=&#8221;70%&#8221; slideshow_speed=&#8221;4500&#8243;][wvc_advanced_slide add_overlay=&#8221;yes&#8221; overlay_opacity=&#8221;30&#8243; title_font_family=&#8221;&#8221; title_font_weight=&#8221;700&#8243; title_font_size=&#8221;70&#8243; caption_alignment=&#8221;left&#8221; caption_position=&#8221;left&#8221; caption_v_align=&#8221;bottom&#8221; b1_title=&#8221;SPRAWD\u0179&#8221; b1_color=&#8221;white&#8221; b1_shape=&#8221;standard-outline&#8221; b1_hover_effect=&#8221;opacity&#8221; b1_font_weight=&#8221;700&#8243; add_button_1=&#8221;true&#8221; b1_scroll_to_anchor=&#8221;true&#8221; background_img=&#8221;4035&#8243; title=&#8221;Kalendarz imprez&#8221; caption=&#8221;Wydarzenia wok\u00f3\u0142 Nature Is My Homeland&#8221; b1_link=&#8221;url:https%3A%2F%2Fnatureismyhomeland.asp.krakow.pl%2Fkalendarz%2F|title:Kalendarz%20Imprez||&#8221;][wvc_advanced_slide add_overlay=&#8221;yes&#8221; overlay_opacity=&#8221;30&#8243; title_font_family=&#8221;&#8221; title_font_weight=&#8221;700&#8243; title_font_size=&#8221;70&#8243; caption_alignment=&#8221;right&#8221; caption_position=&#8221;right&#8221; caption_v_align=&#8221;bottom&#8221; b1_title=&#8221;CZYTAJ WI\u0118CEJ&#8221; b1_color=&#8221;white&#8221; b1_shape=&#8221;standard-outline&#8221; b1_hover_effect=&#8221;opacity&#8221; b1_font_weight=&#8221;700&#8243; add_button_1=&#8221;true&#8221; b1_scroll_to_anchor=&#8221;true&#8221; background_img=&#8221;4024&#8243; title=&#8221;O naszym projekcie&#8221; caption=&#8221;Arty\u015bci i naukowcy analizuj\u0105 modele obcowania cz\u0142owieka z przyrod\u0105&#8221; b1_link=&#8221;url:https%3A%2F%2Fnatureismyhomeland.asp.krakow.pl%2Fo-projekcie%2F|title:O%20projekcie||&#8221;][wvc_advanced_slide add_overlay=&#8221;yes&#8221; overlay_opacity=&#8221;30&#8243; title_font_family=&#8221;&#8221; title_font_weight=&#8221;700&#8243; title_font_size=&#8221;70&#8243; caption_alignment=&#8221;left&#8221; caption_position=&#8221;left&#8221; caption_v_align=&#8221;bottom&#8221; b1_title=&#8221;CZYTAJ WI\u0118CEJ&#8221; b1_color=&#8221;white&#8221; b1_shape=&#8221;standard-outline&#8221; b1_hover_effect=&#8221;opacity&#8221; b1_font_weight=&#8221;700&#8243; add_button_1=&#8221;true&#8221; b1_scroll_to_anchor=&#8221;true&#8221; background_img=&#8221;4025&#8243; title=&#8221;My oraz partnerzy projektu&#8221; caption=&#8221;O odczuwaniu potrzeby rozmowy o przysz\u0142o\u015bci planety&#8221; b1_link=&#8221;url:https%3A%2F%2Fnatureismyhomeland.asp.krakow.pl%2F0-nas%2F|title:O%20nas%20i%20partnerach||&#8221;][\/wvc_advanced_slider][\/vc_column][\/vc_row][vc_row equal_height=&#8221;&#8221; content_placement=&#8221;middle&#8221; shift_y=&#8221;0&#8243; z_index=&#8221;0&#8243; css=&#8221;.vc_custom_1504822913198{padding-top: 50px !important;padding-bottom: 50px !important;}&#8221; row_name=&#8221;New Arrivals&#8221;][vc_column width=&#8221;1\/2&#8243; shift_x=&#8221;60&#8243; shift_y=&#8221;0&#8243; z_index=&#8221;0&#8243;][vc_separator el_width=&#8221;2&#8243; el_height=&#8221;100&#8243; border_style=&#8221;dashed&#8221; color=&#8221;accent&#8221; css=&#8221;.vc_custom_1504958716620{margin-bottom: -80px !important;}&#8221;][wvc_parallax_holder y_axis=&#8221;-120&#8243; smoothness=&#8221;50&#8243;][vc_empty_space height=&#8221;120&#8243;][vc_single_image image=&#8221;4438&#8243; img_size=&#8221;custom&#8221; full_width=&#8221;1&#8243; opacity=&#8221;100&#8243; max_width=&#8221;400&#8243; custom_img_size=&#8221;400&#215;690&#8243;][\/wvc_parallax_holder][\/vc_column][vc_column content_placement=&#8221;middle&#8221; width=&#8221;1\/2&#8243; font_color=&#8221;light&#8221; shift_x=&#8221;-80&#8243; shift_y=&#8221;60&#8243; z_index=&#8221;5&#8243; min_height=&#8221;450&#8243;][vc_custom_heading text=&#8221;O Projekcie&#8221; font_size=&#8221;48&#8243; font_family=&#8221;&#8221; font_weight=&#8221;700&#8243; link=&#8221;url:https%3A%2F%2Fdemos.wolfthemes.com%2Fandre%2Fshop%2F|||&#8221;][vc_column_text]<\/p>\n<p class=\"p1\" style=\"text-align: center;\">Dzi\u0119ki Narodowej Agencji Wymiany Akademickiej (NAWA) powsta\u0142 projekt Nature is my Homeland \u2013 dzia\u0142ania tw\u00f3rcze (rysunek, instalacja, grafika, dzia\u0142anie intermedialne) skupione na poj\u0119ciu praojczyzny jak\u0105 jest natura, w oparciu o antropologi\u0119 kultury, histori\u0119 sztuki, nauki przyrodnicze.<\/p>\n<p>[\/vc_column_text][vc_button button_type=&#8221;andre_button&#8221; title=&#8221;ZOBACZ WI\u0118CEJ&#8221; size=&#8221;xs&#8221; font_weight=&#8221;700&#8243; link=&#8221;url:https%3A%2F%2Fnatureismyhomeland.asp.krakow.pl%2Fo-projekcie%2F|||&#8221;][\/vc_column][\/vc_row][vc_row equal_height=&#8221;&#8221; shift_y=&#8221;0&#8243; z_index=&#8221;0&#8243; css=&#8221;.vc_custom_1504822897478{padding-top: 0px !important;}&#8221;][vc_column width=&#8221;1\/3&#8243;][wvc_banner image=&#8221;4084&#8243; img_size=&#8221;custom&#8221; alignment=&#8221;left&#8221; overlay_opacity=&#8221;40&#8243; txt_align=&#8221;left&#8221; txt_v_align=&#8221;bottom&#8221; title=&#8221;Warsztaty&#8221; css_animation=&#8221;fadeIn&#8221; link=&#8221;url:https%3A%2F%2Fnatureismyhomeland.asp.krakow.pl%2Fwork-type%2Fwarsztat%2F|||&#8221; custom_img_size=&#8221;390&#215;390&#8243;][\/vc_column][vc_column width=&#8221;1\/3&#8243;][wvc_banner image=&#8221;4313&#8243; img_size=&#8221;custom&#8221; alignment=&#8221;left&#8221; overlay_opacity=&#8221;40&#8243; txt_align=&#8221;left&#8221; txt_v_align=&#8221;bottom&#8221; title=&#8221;Wystawy&#8221; css_animation=&#8221;fadeIn&#8221; link=&#8221;url:https%3A%2F%2Fnatureismyhomeland.asp.krakow.pl%2Fwork-type%2Fwystawa%2F|||&#8221; css_animation_delay=&#8221;200&#8243; custom_img_size=&#8221;390&#215;390&#8243;][\/vc_column][vc_column width=&#8221;1\/3&#8243;][wvc_banner image=&#8221;4107&#8243; img_size=&#8221;custom&#8221; alignment=&#8221;left&#8221; overlay_opacity=&#8221;40&#8243; txt_align=&#8221;left&#8221; txt_v_align=&#8221;bottom&#8221; title=&#8221;Wyk\u0142ady&#8221; css_animation=&#8221;fadeIn&#8221; link=&#8221;url:https%3A%2F%2Fnatureismyhomeland.asp.krakow.pl%2Fwork-type%2Fwyklad%2F|||&#8221; css_animation_delay=&#8221;400&#8243; custom_img_size=&#8221;390&#215;390&#8243;][\/vc_column][\/vc_row][vc_row equal_height=&#8221;&#8221; font_color=&#8221;light&#8221; background_type=&#8221;image&#8221; background_img=&#8221;4053&#8243; background_effect=&#8221;parallax&#8221; background_img_lazyload=&#8221;1&#8243; add_overlay=&#8221;yes&#8221; overlay_opacity=&#8221;40&#8243; shift_y=&#8221;0&#8243; z_index=&#8221;0&#8243; min_height=&#8221;600&#8243;][vc_column][vc_custom_heading text=&#8221;Partnerzy projektu&#8221; font_size=&#8221;48&#8243; font_family=&#8221;&#8221; font_weight=&#8221;700&#8243; text_transform=&#8221;uppercase&#8221; css_animation=&#8221;fadeInUp&#8221;][vc_separator el_width=&#8221;2&#8243; el_height=&#8221;50&#8243; border_style=&#8221;dashed&#8221; color=&#8221;accent&#8221; css_animation=&#8221;fadeInUp&#8221; css_animation_delay=&#8221;400&#8243;][vc_column_text css_animation=&#8221;fadeIn&#8221; css_animation_delay=&#8221;200&#8243;]<\/p>\n<p class=\"p1\" style=\"text-align: center;\"><span style=\"font-size: 14pt;\">mi\u0119dzynarodowe dzia\u0142ania tw\u00f3rcze grup artyst\u00f3w \u2013 pedagog\u00f3w \/ specjalist\u00f3w \/ student\u00f3w z 4 uczelni \u2013 creative searches \/ poszukiwania tw\u00f3rcze \/ warsztaty \/ sympozja \/ publikacje<\/span><\/p>\n<p>[\/vc_column_text][vc_empty_space height=&#8221;40px&#8221;][vc_row_inner][vc_column_inner width=&#8221;1\/4&#8243;][vc_single_image image=&#8221;4061&#8243; img_size=&#8221;large&#8221; full_width=&#8221;1&#8243; opacity=&#8221;100&#8243; max_width=&#8221;60%&#8221;][vc_empty_space height=&#8221;20px&#8221;][\/vc_column_inner][vc_column_inner width=&#8221;1\/4&#8243;][vc_single_image image=&#8221;4066&#8243; img_size=&#8221;large&#8221; full_width=&#8221;1&#8243; opacity=&#8221;100&#8243;][vc_empty_space height=&#8221;20px&#8221;][\/vc_column_inner][vc_column_inner width=&#8221;1\/4&#8243;][vc_single_image image=&#8221;4064&#8243; img_size=&#8221;large&#8221; full_width=&#8221;1&#8243; opacity=&#8221;100&#8243; max_width=&#8221;70%&#8221;][vc_empty_space height=&#8221;20px&#8221;][\/vc_column_inner][vc_column_inner width=&#8221;1\/4&#8243;][vc_single_image image=&#8221;4065&#8243; img_size=&#8221;large&#8221; full_width=&#8221;1&#8243; opacity=&#8221;100&#8243; max_width=&#8221;90%&#8221;][vc_empty_space height=&#8221;20px&#8221;][\/vc_column_inner][\/vc_row_inner][\/vc_column][\/vc_row][vc_row][vc_column][vc_row_inner container_width=&#8221;small&#8221;][vc_column_inner][vc_custom_heading text=&#8221;Zrealizowane projekty&#8221; font_size=&#8221;48&#8243; font_family=&#8221;&#8221; font_weight=&#8221;700&#8243; text_transform=&#8221;uppercase&#8221; css_animation=&#8221;fadeInUp&#8221;][vc_column_text css_animation=&#8221;fadeIn&#8221; css_animation_delay=&#8221;200&#8243;]<\/p>\n<p style=\"text-align: center;\"><span style=\"font-size: 14pt;\">Arty\u015bci i naukowcy podczas warsztat\u00f3w, spotka\u0144, wyk\u0142ad\u00f3w analizowali modele obcowania cz\u0142owieka z przyrod\u0105 i ich odbicie w sztuce. Istotn\u0105 rol\u0119 odegra poszukiwanie analogii pomi\u0119dzy historycznym i wsp\u00f3\u0142czesnym rozumieniem natury w kulturze polskiej, serbskiej, niemieckiej i ameryka\u0144skiej.<\/span><\/p>\n<p>[\/vc_column_text][vc_separator el_width=&#8221;2&#8243; el_height=&#8221;50&#8243; border_style=&#8221;dashed&#8221; color=&#8221;accent&#8221; css_animation=&#8221;fadeInUp&#8221; css_animation_delay=&#8221;400&#8243;][\/vc_column_inner][\/vc_row_inner][vc_empty_space][wvc_work_index el_id=&#8221;index-96760&#8243; orderby=&#8221;&#8221; order=&#8221;&#8221;][\/vc_column][\/vc_row]<\/p>\n<\/div>","protected":false},"excerpt":{"rendered":"<p>[vc_row equal_height=&#8221;&#8221; font_color=&#8221;light&#8221; shift_y=&#8221;0&#8243; z_index=&#8221;0&#8243; row_name=&#8221;Intro&#8221;][vc_column][wvc_advanced_slider slider_height=&#8221;70%&#8221; slideshow_speed=&#8221;4500&#8243;][wvc_advanced_slide add_overlay=&#8221;yes&#8221; overlay_opacity=&#8221;30&#8243; title_font_family=&#8221;&#8221; title_font_weight=&#8221;700&#8243; title_font_size=&#8221;70&#8243; caption_alignment=&#8221;left&#8221; caption_position=&#8221;left&#8221; caption_v_align=&#8221;bottom&#8221; b1_title=&#8221;SPRAWD\u0179&#8221; b1_color=&#8221;white&#8221; b1_shape=&#8221;standard-outline&#8221; b1_hover_effect=&#8221;opacity&#8221; b1_font_weight=&#8221;700&#8243; add_button_1=&#8221;true&#8221; b1_scroll_to_anchor=&#8221;true&#8221; background_img=&#8221;4035&#8243; title=&#8221;Kalendarz imprez&#8221; caption=&#8221;Wydarzenia wok\u00f3\u0142 Nature Is My Homeland&#8221; b1_link=&#8221;url:https%3A%2F%2Fnatureismyhomeland.asp.krakow.pl%2Fkalendarz%2F|title:Kalendarz%20Imprez||&#8221;][wvc_advanced_slide add_overlay=&#8221;yes&#8221; overlay_opacity=&#8221;30&#8243; title_font_family=&#8221;&#8221; title_font_weight=&#8221;700&#8243; title_font_size=&#8221;70&#8243; caption_alignment=&#8221;right&#8221; caption_position=&#8221;right&#8221; caption_v_align=&#8221;bottom&#8221; b1_title=&#8221;CZYTAJ WI\u0118CEJ&#8221; b1_color=&#8221;white&#8221; b1_shape=&#8221;standard-outline&#8221; b1_hover_effect=&#8221;opacity&#8221; b1_font_weight=&#8221;700&#8243; add_button_1=&#8221;true&#8221; b1_scroll_to_anchor=&#8221;true&#8221; background_img=&#8221;4024&#8243; title=&#8221;O naszym projekcie&#8221; caption=&#8221;Arty\u015bci i&#8230;<\/p>\n<p><a rel=\"bookmark\" class=\"andre_button_alt2 wvc-button wvc-button-size-xs\" href=\"https:\/\/natureismyhomeland.asp.krakow.pl\/\"><span>Continue reading<\/span><\/a><\/p>\n","protected":false},"author":2,"featured_media":4082,"parent":0,"menu_order":5,"comment_status":"closed","ping_status":"closed","template":"","meta":{"footnotes":""},"class_list":{"0":"post-887","1":"page","2":"type-page","3":"status-publish","4":"has-post-thumbnail","5":"hentry","6":"entry","7":"clearfix","8":"entry-grid","9":"entry-columns-default","10":"entry-page-module-layout-standard","11":"thumbnail-color-tone-dark","12":"entry-page","14":"entry-page-grid"},"_links":{"self":[{"href":"https:\/\/natureismyhomeland.asp.krakow.pl\/index.php?rest_route=\/wp\/v2\/pages\/887","targetHints":{"allow":["GET"]}}],"collection":[{"href":"https:\/\/natureismyhomeland.asp.krakow.pl\/index.php?rest_route=\/wp\/v2\/pages"}],"about":[{"href":"https:\/\/natureismyhomeland.asp.krakow.pl\/index.php?rest_route=\/wp\/v2\/types\/page"}],"author":[{"embeddable":true,"href":"https:\/\/natureismyhomeland.asp.krakow.pl\/index.php?rest_route=\/wp\/v2\/users\/2"}],"replies":[{"embeddable":true,"href":"https:\/\/natureismyhomeland.asp.krakow.pl\/index.php?rest_route=%2Fwp%2Fv2%2Fcomments&post=887"}],"version-history":[{"count":66,"href":"https:\/\/natureismyhomeland.asp.krakow.pl\/index.php?rest_route=\/wp\/v2\/pages\/887\/revisions"}],"predecessor-version":[{"id":4672,"href":"https:\/\/natureismyhomeland.asp.krakow.pl\/index.php?rest_route=\/wp\/v2\/pages\/887\/revisions\/4672"}],"wp:featuredmedia":[{"embeddable":true,"href":"https:\/\/natureismyhomeland.asp.krakow.pl\/index.php?rest_route=\/wp\/v2\/media\/4082"}],"wp:attachment":[{"href":"https:\/\/natureismyhomeland.asp.krakow.pl\/index.php?rest_route=%2Fwp%2Fv2%2Fmedia&parent=887"}],"curies":[{"name":"wp","href":"https:\/\/api.w.org\/{rel}","templated":true}]}}